{"id":11,"date":"2026-04-21T23:07:22","date_gmt":"2026-04-21T20:07:22","guid":{"rendered":"https:\/\/uuttajavanhaa.fi\/?page_id=11"},"modified":"2026-04-21T23:28:05","modified_gmt":"2026-04-21T20:28:05","slug":"meista","status":"publish","type":"page","link":"https:\/\/uuttajavanhaa.fi\/?page_id=11","title":{"rendered":"Meist\u00e4"},"content":{"rendered":"\n<p>Yrityksemme on pieni perheyritys, joka on toiminut jo 1990-luvulta l\u00e4htien eri pisteiss\u00e4. Hakaniemess\u00e4 olemme toimineet vuodesta 2013 alkaen.<\/p>\n\n\n\n<p>Liikkeest\u00e4mme l\u00f6yd\u00e4t mm. Arabian, Iittalan, Riihim\u00e4en lasin, Kupittaan Saven ym. kotimaisten valmistajien k\u00e4ytt\u00f6- ja designlasia, posliinia, keramiikkaa sek\u00e4 taide-esineit\u00e4. Valikoimistamme l\u00f6ytyy satoja eri tuotteita.<\/p>\n\n\n\n<p>Ostamme liikkeess\u00e4mme Iittalaa, Arabiaa ja Marimekkoa. Teemme my\u00f6s arviok\u00e4yntej\u00e4.\u00a0<a href=\"https:\/\/uuttajavanhaa.fi\/?page_id=6\" data-type=\"page\" data-id=\"6\">Ota yhteytt\u00e4<\/a>\u00a0ja kysy lis\u00e4\u00e4!<\/p>\n\n\n\n<p><\/p>\n","protected":false},"excerpt":{"rendered":"<p>Yrityksemme on pieni perheyritys, joka on toiminut jo 1990-luvulta l\u00e4htien eri pisteiss\u00e4. Hakaniemess\u00e4 olemme toimineet vuodesta 2013 alkaen. Liikkeest\u00e4mme l\u00f6yd\u00e4t mm. Arabian, Iittalan, Riihim\u00e4en lasin, Kupittaan Saven ym. kotimaisten valmistajien k\u00e4ytt\u00f6- ja designlasia, posliinia, keramiikkaa sek\u00e4 taide-esineit\u00e4. Valikoimistamme l\u00f6ytyy satoja eri tuotteita. Ostamme liikkeess\u00e4mme Iittalaa, Arabiaa ja Marimekkoa. Teemme my\u00f6s arviok\u00e4yntej\u00e4.\u00a0Ota yhteytt\u00e4\u00a0ja kysy lis\u00e4\u00e4!<\/p>\n","protected":false},"author":1,"featured_media":0,"parent":0,"menu_order":0,"comment_status":"closed","ping_status":"closed","template":"","meta":{"footnotes":""},"class_list":["post-11","page","type-page","status-publish","hentry"],"jetpack_sharing_enabled":true,"_links":{"self":[{"href":"https:\/\/uuttajavanhaa.fi\/index.php?rest_route=\/wp\/v2\/pages\/11","targetHints":{"allow":["GET"]}}],"collection":[{"href":"https:\/\/uuttajavanhaa.fi\/index.php?rest_route=\/wp\/v2\/pages"}],"about":[{"href":"https:\/\/uuttajavanhaa.fi\/index.php?rest_route=\/wp\/v2\/types\/page"}],"author":[{"embeddable":true,"href":"https:\/\/uuttajavanhaa.fi\/index.php?rest_route=\/wp\/v2\/users\/1"}],"replies":[{"embeddable":true,"href":"https:\/\/uuttajavanhaa.fi\/index.php?rest_route=%2Fwp%2Fv2%2Fcomments&post=11"}],"version-history":[{"count":2,"href":"https:\/\/uuttajavanhaa.fi\/index.php?rest_route=\/wp\/v2\/pages\/11\/revisions"}],"predecessor-version":[{"id":18,"href":"https:\/\/uuttajavanhaa.fi\/index.php?rest_route=\/wp\/v2\/pages\/11\/revisions\/18"}],"wp:attachment":[{"href":"https:\/\/uuttajavanhaa.fi\/index.php?rest_route=%2Fwp%2Fv2%2Fmedia&parent=11"}],"curies":[{"name":"wp","href":"https:\/\/api.w.org\/{rel}","templated":true}]}}